267?
2
What is the tens digit of 85194?
9
What is the tens digit of 57126?
2
What is the units digit of 690?
0
What is the hundreds digit of 1523?
5
What is the ten thousands digit of 21822?
2
What is the hundreds digit of 86409?
4
What is the hundreds digit of 10749?
7
What is the tens digit of 21296?
9
What is the thousands digit of 6356?
6
What is the thousands digit of 1089?
1
What is the units digit of 36045?
5
What is the hundreds digit of 54627?
6
What is the thousands digit of 3419?
3
What is the hundreds digit of 8096?
0
What is the tens digit of 83467?
6
What is the ten thousands digit of 41541?
4
What is the ten thousands digit of 43957?
4
What is the tens digit of 16689?
8
What is the units digit of 23520?
0
What is the units digit of 1680?
0
What is the units digit of 6196?
6
What is the hundreds digit of 10819?
8
What is the hundreds digit of 10125?
1
What is the tens digit of 63251?
5
What is the tens digit of 1271?
7
What is the thousands digit of 8522?
8
What is the hundreds digit of 81917?
9
What is the thousands digit of 55776?
5
What is the thousands digit of 2369?
2
What is the thousands digit of 76092?
6
What is the thousands digit of 1484?
1
What is the hundreds digit of 64514?
5
What is the thousands digit of 36975?
6
What is the units digit of 5185?
5
What is the thousands digit of 6483?
6
What is the units digit of 1093?
3
What is the ten thousands digit of 14410?
1
What is the thousands digit of 28214?
8
What is the thousands digit of 130527?
0
What is the thousands digit of 3669?
3
What is the thousands digit of 3700?
3
What is the tens digit of 5614?
1
What is the hundreds digit of 802?
8
What is the units digit of 4457?
7
What is the hundred thousands digit of 138085?
1
What is the tens digit of 28799?
9
What is the thousands digit of 22564?
2
What is the thousands digit of 2531?
2
What is the tens digit of 63?
6
What is the thousands digit of 1966?
1
What is the tens digit of 145382?
8
What is the units digit of 970?
0
What is the thousands digit of 6959?
6
What is the units digit of 74271?
1
What is the hundreds digit of 1712?
7
What is the thousands digit of 1609?
1
What is the hundreds digit of 437?
4
What is the tens digit of 559?
5
What is the units digit of 620?
0
What is the ten thousands digit of 30482?
3
What is the tens digit of 177?
7
What is the hundreds digit of 131903?
9
What is the ten thousands digit of 39714?
3
What is the units digit of 8216?
6
What is the tens digit of 5861?
6
What is the thousands digit of 20086?
0
What is the units digit of 1834?
4
What is the units digit of 40735?
5
What is the ten thousands digit of 16067?
1
What is the hundreds digit of 19288?
2
What is the thousands digit of 103665?
3
What is the hundreds digit of 986?
9
What is the hundreds digit of 333?
3
What is the hundred thousands digit of 131400?
1
What is the ten thousands digit of 11257?
1
What is the units digit of 840?
0
What is the tens digit of 885?
8
What is the units digit of 8072?
2
What is the units digit of 1103?
3
What is the hundreds digit of 35737?
7
What is the tens digit of 122?
2
What is the thousands digit of 60073?
0
What is the units digit of 1906?
6
What is the hundreds digit of 1084?
0
What is the hundreds digit of 2589?
5
What is the hundreds digit of 104022?
0
What is the hundreds digit of 5889?
8
What is the hundreds digit of 16599?
5
What is the units digit of 4751?
1
What is the hundreds digit of 873?
8
What is the thousands digit of 15139?
5
What is the tens digit of 977?
7
What is the ten thousands digit of 15618?
1
What is the units digit of 6892?
2
What is the tens digit of 24884?
8
What is the units digit of 7090?
0
What is the units digit of 155936?
6
What is the thousands digit of 4824?
4
What is the ten thousands digit of 40088?
4
What is the tens digit of 281?
8
What is the units digit of 643?
3
What is the hundreds digit of 5792?
7
What is the ten thousands digit of 22300?
2
What is the tens digit of 59453?
5
What is the hundreds digit of 772?
7
What is the thousands digit of 1202?
1
What is the hundreds digit of 291?
2
What is the units digit of 10333?
3
What is the units digit of 3898?
8
What is the units digit of 383?
3
What is the thousands digit of 9868?
9
What is the tens digit of 159299?
9
What is the ten thousands digit of 10169?
1
What is the thousands digit of 9008?
9
What is the thousands digit of 6947?
6
What is the tens digit of 17102?
0
What is the tens digit of 26581?
8
What is the units digit of 6700?
0
What is the units digit of 13832?
2
What is the hundreds digit of 8065?
0
What is the units digit of 883?
3
What is the units digit of 3425?
5
What is the ten thousands digit of 14045?
1
What is the units digit of 7968?
8
What is the units digit of 3005?
5
What is the tens digit of 25305?
0
What is the tens digit of 752?
5
What is the tens digit of 1372?
7
What is the tens digit of 12?
1
What is the units digit of 3991?
1
What is the thousands digit of 8660?
8
What is the hundreds digit of 16400?
4
What is the ten thousands digit of 11535?
1
What is the units digit of 6869?
9
What is the hundreds digit of 441?
4
What is the hundreds digit of 39598?
5
What is the hundreds digit of 59614?
6
What is the thousands digit of 17069?
7
What is the tens digit of 7159?
5
What is the tens digit of 9954?
5
What is the thousands digit of 2202?
2
What is the tens digit of 2761?
6
What is the units digit of 3630?
0
What is the ten thousands digit of 17316?
1
What is the hundreds digit of 216?
2
What is the units digit of 1361?
1
What is the thousands digit of 6831?
6
What is the units digit of 403?
3
What is the thousands digit of 13205?
3
What is the tens digit of 13731?
3
What is the tens digit of 2074?
7
What is the units digit of 9857?
7
What is the thousands digit of 6562?
6
What is the tens digit of 1808?
0
What is the units digit of 1365?
5
What is the hundreds digit of 1221?
2
What is the thousands digit of 4874?
4
What is the tens digit of 29426?
2
What is the tens digit of 6034?
3
What is the thousands digit of 3451?
3
What is the units digit of 73499?
9
What is the units digit of 4293?
3
What is the tens digit of 1402?
0
What is the thousands digit of 26457?
6
What is the hundreds digit of 3294?
2
What is the units digit of 89?
9
What is the hundreds digit of 86030?
0
What is the tens digit of 19892?
9
What is the hundreds digit of 861?
8
What is the units digit of 5860?
0
What is the hundreds digit of 205?
2
What is the thousands digit of 1181?
1
What is the thousands digit of 115959?
5
What is the tens digit of 23219?
1
What is the thousands digit of 8732?
8
What is the units digit of 39388?
8
What is the hundreds digit of 1195?
1
What is the tens digit of 2653?
5
What is the ten thousands digit of 11362?
1
What is the hundreds digit of 3295?
2
What is the hundreds digit of 80470?
4
What is the units digit of 32?
2
What is the units digit of 223?
3
What is the thousands digit of 1366?
1
What is the tens digit of 4264?
6
What is the units digit of 43908?
8
What is the hundreds digit of 2549?
5
What is the units digit of 2784?
4
What is the tens digit of 1003?
0
What is the units digit of 529?
9
What is the hundreds digit of 52751?
7
What is the thousands digit of 1267?
1
What is the units digit of 413?
3
What is the hundreds digit of 182?
1
What is the thousands digit of 13933?
3
What is the hundreds digit of 6955?
9
What is the tens digit of 4179?
7
What is the thousands digit of 5592?
5
What is the thousands digit of 44679?
4
What is the ten thousands digit of 57748?
5
What is the tens digit of 381?
8
What is the tens digit of 11165?
6
What is the hundreds digit of 791?
7
What is the thousands digit of 4888?
4
What is the hundreds digit of 41955?
9
What is the tens digit of 29002?
0
What is the ten thousands digit of 48631?
4
What is the hundreds digit of 12852?
8
What is the units digit of 1306?
6
What is the thousands digit of 23904?
3
What is the tens digit of 6836?
3
What is the units digit of 109222?
2
What is the hundreds digit of 691?
6
What is the ten thousands digit of 18416?
1
What is the ten thousands digit of 10980?
1
What is the units digit of 1755?
5
What is the hundreds digit of 5573?
5
What is the units digit of 778?
8
What is the units digit o